{"id":9483,"date":"2021-12-17T10:38:41","date_gmt":"2021-12-17T10:38:41","guid":{"rendered":"https:\/\/www.paucostafoundation.org\/producto\/litografia-conmemorativa-horta10\/"},"modified":"2023-05-26T17:22:11","modified_gmt":"2023-05-26T17:22:11","slug":"litografia-conmemorativa-horta10","status":"publish","type":"product","link":"https:\/\/www.paucostafoundation.org\/ca\/producto\/litografia-conmemorativa-horta10\/","title":{"rendered":"Litografia commemorativa Horta10"},"content":{"rendered":"<p>Com molts de vosaltres ja sabeu, Horta 10 \u00e9s una plataforma que recull, proposa, decideix i coordina les diferents iniciatives, per tal d&#8217;homenatjar i recordar els amics, que ens van deixar el 21 de juliol del 2009 al incendi dels Ports a Horta de Sant Joan, David, Jaume, Pau, Jordi i Ramon.<\/p>\n<p>Des del mar\u00e7 del 2020, s&#8217;han estat duent a terme una s\u00e8rie d&#8217;accions i activitats, amb l&#8217;\u00fanica finalitat de recordar i honrar els cinc bombers que van morir en acte de servei. En aquest cas particular, hem creat una litografia commemorativa creada per Josep Serra i realitzada amb una t\u00e8cnica digital (Autodesk Sketchbook).<\/p>\n<p><strong>Litografia numerada commemorativa del 10\u00e8 aniversari de l&#8217;incendi d&#8217;Horta de Sant Joan<\/strong><\/p>\n<p>&nbsp;<\/p>\n","protected":false},"excerpt":{"rendered":"<p>L\u00e0mina numerada commemorativa del 10\u00e8 aniversari de l&#8217;incendi d&#8217;Horta de Sant Joan, que ret homenatge als companys que van perdre la vida en aquell incendi fat\u00eddic, el 21 de juliol de 2009.<\/p>\n<p><strong>T\u00edtulo<\/strong>: <em>Retorns<\/em><\/p>\n<p><strong>Autor<\/strong>: Josep Serra i Tarrag\u00f3n<\/p>\n","protected":false},"featured_media":6817,"comment_status":"open","ping_status":"closed","template":"","meta":{"_acf_changed":false,"give_campaign_id":0},"product_brand":[],"product_cat":[106],"product_tag":[],"class_list":{"0":"post-9483","1":"product","2":"type-product","3":"status-publish","4":"has-post-thumbnail","6":"product_cat-arte-ca","7":"product_shipping_class-art-ca","9":"first","10":"instock","11":"taxable","12":"shipping-taxable","13":"purchasable","14":"product-type-simple"},"acf":[],"yoast_head":"<!-- This site is optimized with the Yoast SEO plugin v26.3 - https:\/\/yoast.com\/wordpress\/plugins\/seo\/ -->\n<title>Litografia commemorativa Horta10 - Pau Costa Foundation<\/title>\n<meta name=\"robots\" content=\"index, follow, max-snippet:-1, max-image-preview:large, max-video-preview:-1\" \/>\n<link rel=\"canonical\" href=\"https:\/\/www.paucostafoundation.org\/ca\/producto\/litografia-conmemorativa-horta10\/\" \/>\n<meta property=\"og:locale\" content=\"ca_ES\" \/>\n<meta property=\"og:type\" content=\"article\" \/>\n<meta property=\"og:title\" content=\"Litografia commemorativa Horta10 - Pau Costa Foundation\" \/>\n<meta property=\"og:description\" content=\"L\u00e0mina numerada commemorativa del 10\u00e8 aniversari de l&#039;incendi d&#039;Horta de Sant Joan, que ret homenatge als companys que van perdre la vida en aquell incendi fat\u00eddic, el 21 de juliol de 2009.  T\u00edtulo: Retorns  Autor: Josep Serra i Tarrag\u00f3n\" \/>\n<meta property=\"og:url\" content=\"https:\/\/www.paucostafoundation.org\/ca\/producto\/litografia-conmemorativa-horta10\/\" \/>\n<meta property=\"og:site_name\" content=\"Pau Costa Foundation\" \/>\n<meta property=\"article:modified_time\" content=\"2023-05-26T17:22:11+00:00\" \/>\n<meta property=\"og:image\" content=\"https:\/\/www.paucostafoundation.org\/wp-content\/uploads\/2021\/12\/mock-up-litografia-1024x683.png\" \/>\n\t<meta property=\"og:image:width\" content=\"1024\" \/>\n\t<meta property=\"og:image:height\" content=\"683\" \/>\n\t<meta property=\"og:image:type\" content=\"image\/png\" \/>\n<meta name=\"twitter:card\" content=\"summary_large_image\" \/>\n<meta name=\"twitter:label1\" content=\"Temps estimat de lectura\" \/>\n\t<meta name=\"twitter:data1\" content=\"1 minut\" \/>\n<script type=\"application\/ld+json\" class=\"yoast-schema-graph\">{\"@context\":\"https:\/\/schema.org\",\"@graph\":[{\"@type\":\"WebPage\",\"@id\":\"https:\/\/www.paucostafoundation.org\/ca\/producto\/litografia-conmemorativa-horta10\/\",\"url\":\"https:\/\/www.paucostafoundation.org\/ca\/producto\/litografia-conmemorativa-horta10\/\",\"name\":\"Litografia commemorativa Horta10 - Pau Costa Foundation\",\"isPartOf\":{\"@id\":\"https:\/\/www.paucostafoundation.org\/ca\/#website\"},\"primaryImageOfPage\":{\"@id\":\"https:\/\/www.paucostafoundation.org\/ca\/producto\/litografia-conmemorativa-horta10\/#primaryimage\"},\"image\":{\"@id\":\"https:\/\/www.paucostafoundation.org\/ca\/producto\/litografia-conmemorativa-horta10\/#primaryimage\"},\"thumbnailUrl\":\"https:\/\/www.paucostafoundation.org\/wp-content\/uploads\/2021\/12\/mock-up-litografia.png\",\"datePublished\":\"2021-12-17T10:38:41+00:00\",\"dateModified\":\"2023-05-26T17:22:11+00:00\",\"breadcrumb\":{\"@id\":\"https:\/\/www.paucostafoundation.org\/ca\/producto\/litografia-conmemorativa-horta10\/#breadcrumb\"},\"inLanguage\":\"ca\",\"potentialAction\":[{\"@type\":\"ReadAction\",\"target\":[\"https:\/\/www.paucostafoundation.org\/ca\/producto\/litografia-conmemorativa-horta10\/\"]}]},{\"@type\":\"ImageObject\",\"inLanguage\":\"ca\",\"@id\":\"https:\/\/www.paucostafoundation.org\/ca\/producto\/litografia-conmemorativa-horta10\/#primaryimage\",\"url\":\"https:\/\/www.paucostafoundation.org\/wp-content\/uploads\/2021\/12\/mock-up-litografia.png\",\"contentUrl\":\"https:\/\/www.paucostafoundation.org\/wp-content\/uploads\/2021\/12\/mock-up-litografia.png\",\"width\":5000,\"height\":3337},{\"@type\":\"BreadcrumbList\",\"@id\":\"https:\/\/www.paucostafoundation.org\/ca\/producto\/litografia-conmemorativa-horta10\/#breadcrumb\",\"itemListElement\":[{\"@type\":\"ListItem\",\"position\":1,\"name\":\"Inicio\",\"item\":\"https:\/\/www.paucostafoundation.org\/ca\/\"},{\"@type\":\"ListItem\",\"position\":2,\"name\":\"Botiga\",\"item\":\"https:\/\/www.paucostafoundation.org\/ca\/tienda-2\/\"},{\"@type\":\"ListItem\",\"position\":3,\"name\":\"Litografia commemorativa Horta10\"}]},{\"@type\":\"WebSite\",\"@id\":\"https:\/\/www.paucostafoundation.org\/ca\/#website\",\"url\":\"https:\/\/www.paucostafoundation.org\/ca\/\",\"name\":\"Pau Costa Foundation\",\"description\":\"CONCIENCIA E INVESTIGA LOS INCENDIOS FORESTALES\",\"publisher\":{\"@id\":\"https:\/\/www.paucostafoundation.org\/ca\/#organization\"},\"potentialAction\":[{\"@type\":\"SearchAction\",\"target\":{\"@type\":\"EntryPoint\",\"urlTemplate\":\"https:\/\/www.paucostafoundation.org\/ca\/?s={search_term_string}\"},\"query-input\":{\"@type\":\"PropertyValueSpecification\",\"valueRequired\":true,\"valueName\":\"search_term_string\"}}],\"inLanguage\":\"ca\"},{\"@type\":\"Organization\",\"@id\":\"https:\/\/www.paucostafoundation.org\/ca\/#organization\",\"name\":\"Pau Costa Foundation\",\"url\":\"https:\/\/www.paucostafoundation.org\/ca\/\",\"logo\":{\"@type\":\"ImageObject\",\"inLanguage\":\"ca\",\"@id\":\"https:\/\/www.paucostafoundation.org\/ca\/#\/schema\/logo\/image\/\",\"url\":\"https:\/\/paucostafoundation.digitalnature.es\/wp-content\/uploads\/2021\/06\/logo.png\",\"contentUrl\":\"https:\/\/paucostafoundation.digitalnature.es\/wp-content\/uploads\/2021\/06\/logo.png\",\"width\":873,\"height\":358,\"caption\":\"Pau Costa Foundation\"},\"image\":{\"@id\":\"https:\/\/www.paucostafoundation.org\/ca\/#\/schema\/logo\/image\/\"}}]}<\/script>\n<!-- \/ Yoast SEO plugin. -->","yoast_head_json":{"title":"Litografia commemorativa Horta10 - Pau Costa Foundation","robots":{"index":"index","follow":"follow","max-snippet":"max-snippet:-1","max-image-preview":"max-image-preview:large","max-video-preview":"max-video-preview:-1"},"canonical":"https:\/\/www.paucostafoundation.org\/ca\/producto\/litografia-conmemorativa-horta10\/","og_locale":"ca_ES","og_type":"article","og_title":"Litografia commemorativa Horta10 - Pau Costa Foundation","og_description":"L\u00e0mina numerada commemorativa del 10\u00e8 aniversari de l'incendi d'Horta de Sant Joan, que ret homenatge als companys que van perdre la vida en aquell incendi fat\u00eddic, el 21 de juliol de 2009.  T\u00edtulo: Retorns  Autor: Josep Serra i Tarrag\u00f3n","og_url":"https:\/\/www.paucostafoundation.org\/ca\/producto\/litografia-conmemorativa-horta10\/","og_site_name":"Pau Costa Foundation","article_modified_time":"2023-05-26T17:22:11+00:00","og_image":[{"width":1024,"height":683,"url":"https:\/\/www.paucostafoundation.org\/wp-content\/uploads\/2021\/12\/mock-up-litografia-1024x683.png","type":"image\/png"}],"twitter_card":"summary_large_image","twitter_misc":{"Temps estimat de lectura":"1 minut"},"schema":{"@context":"https:\/\/schema.org","@graph":[{"@type":"WebPage","@id":"https:\/\/www.paucostafoundation.org\/ca\/producto\/litografia-conmemorativa-horta10\/","url":"https:\/\/www.paucostafoundation.org\/ca\/producto\/litografia-conmemorativa-horta10\/","name":"Litografia commemorativa Horta10 - Pau Costa Foundation","isPartOf":{"@id":"https:\/\/www.paucostafoundation.org\/ca\/#website"},"primaryImageOfPage":{"@id":"https:\/\/www.paucostafoundation.org\/ca\/producto\/litografia-conmemorativa-horta10\/#primaryimage"},"image":{"@id":"https:\/\/www.paucostafoundation.org\/ca\/producto\/litografia-conmemorativa-horta10\/#primaryimage"},"thumbnailUrl":"https:\/\/www.paucostafoundation.org\/wp-content\/uploads\/2021\/12\/mock-up-litografia.png","datePublished":"2021-12-17T10:38:41+00:00","dateModified":"2023-05-26T17:22:11+00:00","breadcrumb":{"@id":"https:\/\/www.paucostafoundation.org\/ca\/producto\/litografia-conmemorativa-horta10\/#breadcrumb"},"inLanguage":"ca","potentialAction":[{"@type":"ReadAction","target":["https:\/\/www.paucostafoundation.org\/ca\/producto\/litografia-conmemorativa-horta10\/"]}]},{"@type":"ImageObject","inLanguage":"ca","@id":"https:\/\/www.paucostafoundation.org\/ca\/producto\/litografia-conmemorativa-horta10\/#primaryimage","url":"https:\/\/www.paucostafoundation.org\/wp-content\/uploads\/2021\/12\/mock-up-litografia.png","contentUrl":"https:\/\/www.paucostafoundation.org\/wp-content\/uploads\/2021\/12\/mock-up-litografia.png","width":5000,"height":3337},{"@type":"BreadcrumbList","@id":"https:\/\/www.paucostafoundation.org\/ca\/producto\/litografia-conmemorativa-horta10\/#breadcrumb","itemListElement":[{"@type":"ListItem","position":1,"name":"Inicio","item":"https:\/\/www.paucostafoundation.org\/ca\/"},{"@type":"ListItem","position":2,"name":"Botiga","item":"https:\/\/www.paucostafoundation.org\/ca\/tienda-2\/"},{"@type":"ListItem","position":3,"name":"Litografia commemorativa Horta10"}]},{"@type":"WebSite","@id":"https:\/\/www.paucostafoundation.org\/ca\/#website","url":"https:\/\/www.paucostafoundation.org\/ca\/","name":"Pau Costa Foundation","description":"CONCIENCIA E INVESTIGA LOS INCENDIOS FORESTALES","publisher":{"@id":"https:\/\/www.paucostafoundation.org\/ca\/#organization"},"potentialAction":[{"@type":"SearchAction","target":{"@type":"EntryPoint","urlTemplate":"https:\/\/www.paucostafoundation.org\/ca\/?s={search_term_string}"},"query-input":{"@type":"PropertyValueSpecification","valueRequired":true,"valueName":"search_term_string"}}],"inLanguage":"ca"},{"@type":"Organization","@id":"https:\/\/www.paucostafoundation.org\/ca\/#organization","name":"Pau Costa Foundation","url":"https:\/\/www.paucostafoundation.org\/ca\/","logo":{"@type":"ImageObject","inLanguage":"ca","@id":"https:\/\/www.paucostafoundation.org\/ca\/#\/schema\/logo\/image\/","url":"https:\/\/paucostafoundation.digitalnature.es\/wp-content\/uploads\/2021\/06\/logo.png","contentUrl":"https:\/\/paucostafoundation.digitalnature.es\/wp-content\/uploads\/2021\/06\/logo.png","width":873,"height":358,"caption":"Pau Costa Foundation"},"image":{"@id":"https:\/\/www.paucostafoundation.org\/ca\/#\/schema\/logo\/image\/"}}]}},"_links":{"self":[{"href":"https:\/\/www.paucostafoundation.org\/ca\/wp-json\/wp\/v2\/product\/9483","targetHints":{"allow":["GET"]}}],"collection":[{"href":"https:\/\/www.paucostafoundation.org\/ca\/wp-json\/wp\/v2\/product"}],"about":[{"href":"https:\/\/www.paucostafoundation.org\/ca\/wp-json\/wp\/v2\/types\/product"}],"replies":[{"embeddable":true,"href":"https:\/\/www.paucostafoundation.org\/ca\/wp-json\/wp\/v2\/comments?post=9483"}],"wp:featuredmedia":[{"embeddable":true,"href":"https:\/\/www.paucostafoundation.org\/ca\/wp-json\/wp\/v2\/media\/6817"}],"wp:attachment":[{"href":"https:\/\/www.paucostafoundation.org\/ca\/wp-json\/wp\/v2\/media?parent=9483"}],"wp:term":[{"taxonomy":"product_brand","embeddable":true,"href":"https:\/\/www.paucostafoundation.org\/ca\/wp-json\/wp\/v2\/product_brand?post=9483"},{"taxonomy":"product_cat","embeddable":true,"href":"https:\/\/www.paucostafoundation.org\/ca\/wp-json\/wp\/v2\/product_cat?post=9483"},{"taxonomy":"product_tag","embeddable":true,"href":"https:\/\/www.paucostafoundation.org\/ca\/wp-json\/wp\/v2\/product_tag?post=9483"}],"curies":[{"name":"wp","href":"https:\/\/api.w.org\/{rel}","templated":true}]}}

<p>Com molts de vosaltres ja sabeu, Horta 10 és una plataforma que recull, proposa, decideix i coordina les diferents iniciatives, per tal d&#8217;homenatjar i recordar els amics, que ens van deixar el 21 de juliol del 2009 al incendi dels Ports a Horta de Sant Joan, David, Jaume, Pau, Jordi i Ramon.</p>
<p>Des del març del 2020, s&#8217;han estat duent a terme una sèrie d&#8217;accions i activitats, amb l&#8217;única finalitat de recordar i honrar els cinc bombers que van morir en acte de servei. En aquest cas particular, hem creat una litografia commemorativa creada per Josep Serra i realitzada amb una tècnica digital (Autodesk Sketchbook).</p>
<p><strong>Litografia numerada commemorativa del 10è aniversari de l&#8217;incendi d&#8217;Horta de Sant Joan</strong></p>
<p>&nbsp;</p>

<p>Làmina numerada commemorativa del 10è aniversari de l&#8217;incendi d&#8217;Horta de Sant Joan, que ret homenatge als companys que van perdre la vida en aquell incendi fatídic, el 21 de juliol de 2009.</p>
<p><strong>Título</strong>: <em>Retorns</em></p>
<p><strong>Autor</strong>: Josep Serra i Tarragón</p>

<!-- This site is optimized with the Yoast SEO plugin v26.3 - https://yoast.com/wordpress/plugins/seo/ -->
<title>Litografia commemorativa Horta10 - Pau Costa Foundation</title>
<meta name="robots" content="index, follow, max-snippet:-1, max-image-preview:large, max-video-preview:-1" />
<link rel="canonical" href="https://www.paucostafoundation.org/ca/producto/litografia-conmemorativa-horta10/" />
<meta property="og:locale" content="ca_ES" />
<meta property="og:type" content="article" />
<meta property="og:title" content="Litografia commemorativa Horta10 - Pau Costa Foundation" />
<meta property="og:description" content="Làmina numerada commemorativa del 10è aniversari de l&#039;incendi d&#039;Horta de Sant Joan, que ret homenatge als companys que van perdre la vida en aquell incendi fatídic, el 21 de juliol de 2009.  Título: Retorns  Autor: Josep Serra i Tarragón" />
<meta property="og:url" content="https://www.paucostafoundation.org/ca/producto/litografia-conmemorativa-horta10/" />
<meta property="og:site_name" content="Pau Costa Foundation" />
<meta property="article:modified_time" content="2023-05-26T17:22:11+00:00" />
<meta property="og:image" content="https://www.paucostafoundation.org/wp-content/uploads/2021/12/mock-up-litografia-1024x683.png" />
	<meta property="og:image:width" content="1024" />
	<meta property="og:image:height" content="683" />
	<meta property="og:image:type" content="image/png" />
<meta name="twitter:card" content="summary_large_image" />
<meta name="twitter:label1" content="Temps estimat de lectura" />
	<meta name="twitter:data1" content="1 minut" />
<script type="application/ld+json" class="yoast-schema-graph">{"@context":"https://schema.org","@graph":[{"@type":"WebPage","@id":"https://www.paucostafoundation.org/ca/producto/litografia-conmemorativa-horta10/","url":"https://www.paucostafoundation.org/ca/producto/litografia-conmemorativa-horta10/","name":"Litografia commemorativa Horta10 - Pau Costa Foundation","isPartOf":{"@id":"https://www.paucostafoundation.org/ca/#website"},"primaryImageOfPage":{"@id":"https://www.paucostafoundation.org/ca/producto/litografia-conmemorativa-horta10/#primaryimage"},"image":{"@id":"https://www.paucostafoundation.org/ca/producto/litografia-conmemorativa-horta10/#primaryimage"},"thumbnailUrl":"https://www.paucostafoundation.org/wp-content/uploads/2021/12/mock-up-litografia.png","datePublished":"2021-12-17T10:38:41+00:00","dateModified":"2023-05-26T17:22:11+00:00","breadcrumb":{"@id":"https://www.paucostafoundation.org/ca/producto/litografia-conmemorativa-horta10/#breadcrumb"},"inLanguage":"ca","potentialAction":[{"@type":"ReadAction","target":["https://www.paucostafoundation.org/ca/producto/litografia-conmemorativa-horta10/"]}]},{"@type":"ImageObject","inLanguage":"ca","@id":"https://www.paucostafoundation.org/ca/producto/litografia-conmemorativa-horta10/#primaryimage","url":"https://www.paucostafoundation.org/wp-content/uploads/2021/12/mock-up-litografia.png","contentUrl":"https://www.paucostafoundation.org/wp-content/uploads/2021/12/mock-up-litografia.png","width":5000,"height":3337},{"@type":"BreadcrumbList","@id":"https://www.paucostafoundation.org/ca/producto/litografia-conmemorativa-horta10/#breadcrumb","itemListElement":[{"@type":"ListItem","position":1,"name":"Inicio","item":"https://www.paucostafoundation.org/ca/"},{"@type":"ListItem","position":2,"name":"Botiga","item":"https://www.paucostafoundation.org/ca/tienda-2/"},{"@type":"ListItem","position":3,"name":"Litografia commemorativa Horta10"}]},{"@type":"WebSite","@id":"https://www.paucostafoundation.org/ca/#website","url":"https://www.paucostafoundation.org/ca/","name":"Pau Costa Foundation","description":"CONCIENCIA E INVESTIGA LOS INCENDIOS FORESTALES","publisher":{"@id":"https://www.paucostafoundation.org/ca/#organization"},"potentialAction":[{"@type":"SearchAction","target":{"@type":"EntryPoint","urlTemplate":"https://www.paucostafoundation.org/ca/?s={search_term_string}"},"query-input":{"@type":"PropertyValueSpecification","valueRequired":true,"valueName":"search_term_string"}}],"inLanguage":"ca"},{"@type":"Organization","@id":"https://www.paucostafoundation.org/ca/#organization","name":"Pau Costa Foundation","url":"https://www.paucostafoundation.org/ca/","logo":{"@type":"ImageObject","inLanguage":"ca","@id":"https://www.paucostafoundation.org/ca/#/schema/logo/image/","url":"https://paucostafoundation.digitalnature.es/wp-content/uploads/2021/06/logo.png","contentUrl":"https://paucostafoundation.digitalnature.es/wp-content/uploads/2021/06/logo.png","width":873,"height":358,"caption":"Pau Costa Foundation"},"image":{"@id":"https://www.paucostafoundation.org/ca/#/schema/logo/image/"}}]}</script>
<!-- / Yoast SEO plugin. -->

Làmina numerada commemorativa del 10è aniversari de l'incendi d'Horta de Sant Joan, que ret homenatge als companys que van perdre la vida en aquell incendi fatídic, el 21 de juliol de 2009.  Título: Retorns  Autor: Josep Serra i Tarragón
